*a - v - 9. Suppose w - 165 = k, -a*w - k = 3*w - 849. What is the remainder when w is divided by 34?
33
Let b = -10 - -14. Let w(o) = -300 + 896 - 301 - 5*o - 293 + 3*o**2. Calculate the remainder when 148 is divided by w(b).
28
Let v = -77 + -14. Let k = v - -119. Calculate the remainder when k is divided by 8.
4
Suppose 9*o - 3*o = 102. Suppose 18 = o*t - 8*t. Suppose 2*s + a = 2*a + 29, 2*s - 38 = -t*a. Calculate the remainder when 92 is divided by s.
12
Let s = 513 + -528. Calculate the remainder when 34 is divided by ((20/s)/(-4))/(1/51).
0
What is the remainder when 1337 is divided by 44472/108 - 12/(-54)?
101
Let c(k) = 15*k + 1419. Calculate the remainder when c(-73) is divided by 86.
66
Let z = 10259 - 9401. Calculate the remainder when z is divided by 29.
17
Suppose 0 = 3*o + 3*i - 19 - 17, -12 = -o - 3*i. Let j(g) = 10*g**2 + 2*g + 25. What is the remainder when j(5) is divided by o?
9
Let d = 989 - 669. Let v = d + -157. Calculate the remainder when v is divided by 22.
9
Let w(a) = 6*a**3 + a**2 - 3*a + 7. Let t be w(4). Suppose -7*r + t = -375. What is the remainder when r is divided by 16?
14
Suppose 3*f + f = 196. Calculate the remainder when (-28)/(896/(-1744))*2 is divided by f.
11
Suppose -6 = -5*b + 4. Suppose 4*g = x + b*x - 1, 5*g = 10. Suppose 6*h = x*h + 60. Calculate the remainder when h is divided by 4.
0
Let a(i) be the second derivative of i**4/6 - i**3 + 3*i**2/2 - i + 10. What is the remainder when 97 is divided by a(4)?
9
Suppose -t + 4*i = -29, -6*i = -2*t - 3*i + 33. What is the remainder when 26 - -1*(-1 + 0) is divided by t?
7
Let q(s) = 26*s**2 + 220*s - 1065. What is the remainder when q(5) is divided by 134?
15
Suppose -3*p + 2*a + 13 = 0, p + 4*a - a + 3 = 0. Suppose 16 = -l + p*f + 56, -2*f - 2 = 0. Let x = -20 + l. Calculate the remainder when 48 is divided by x.
14
Let f(r) = -5*r - 49. Suppose 0 = -4*u - 12, 4*g - 2*u + 0*u + 26 = 0. Let t be f(g). What is the remainder when ((-84)/t)/(3/(9/2)) is divided by 10?
4
Let o be (2 + -1)*(-11 - (3 - 3)). Let q(x) = -x**2 - 10*x + 16. Let t be q(o). Suppose -5 + 0 = -t*a. What is the remainder when 3 is divided by a?
0
Let z = 278 - 350. Let f(k) = k**2 - 2*k - 1. Calculate the remainder when ((-1)/2)/(364/z + 5) is divided by f(3).
1
What is the remainder when 141 is divided by 810/10 + -14 - 7?
21
Let l = 1194 + -456. Suppose -307 - l = -5*v. What is the remainder when v is divided by 21?
20
Let n(p) = 2963*p - 645. Calculate the remainder when n(6) is divided by 126.
123
Let d(s) = -s**3 + 9*s**2 + 7*s - 12. Let r be d(11). Let f = -102 - r. Let b = 121 - f. What is the remainder when 182 is divided by b?
44
Let m be -12 + 36 + (4 + 0 - 1). Suppose 0 = 23*c - m*c + 348. What is the remainder when c is divided by 25?
12
Let s = 364 - 348. Suppose -2*t + 248 = -17*m + s*m, 3*t - 372 = -m. Calculate the remainder when t is divided by 42.
40
Let h(s) = -2*s - 6. Let u be h(-10). Let p(a) = -21*a**2 + 5 + 20*a - u - a**3 - 4. What is the remainder when p(-22) is divided by 11?
9
Let k = -22 - -39. Let d = 107469 + -107406. What is the remainder when d is divided by k?
12
Let q(c) = -c**3 - 5*c**2 + 2*c - 4. What is the remainder when q(-6) is divided by (832/1768)/((-10)/(-170))?
4
Let i(x) = x**2 + 121*x + 4153. What is the remainder when i(-82) is divided by 74?
67
Suppose -4*b = -w + 108, -4*w - 5*b + 380 = -52. Let k = -63 + w. Calculate the remainder when 71 is divided by k.
26
Suppose -230 - 246 = -38*h - 20. Calculate the remainder when 2446 is divided by h.
10
Let m = -1367 - -2238. Calculate the remainder when m is divided by 46.
43
Suppose -474 = -2*f - 2*h, h + 4 = f - 239. Let a = f + -213. Calculate the remainder when a is divided by 5.
2
Let o(d) = 5*d - 8. Let j(n) = 29*n**2 - 521*n - 11. Calculate the remainder when o(8) is divided by j(18).
4
Suppose 2*l + 10 = -t + 23, -5*t + 130 = -3*l. What is the remainder when 117 is divided by t?
2
Let z(p) = -12*p**2 - 54*p + 12. Calculate the remainder when 433 is divided by z(-2).
1
Let k(v) = -32*v**3 - 8*v**2 + 27*v + 243. What is the remainder when k(-5) is divided by 206?
200
Let c = 356 - 556. Let u = c + 449. What is the remainder when u is divided by 28?
25
Let k(o) = 2*o**2 + 11*o. Suppose -5*x = 3*r - 4*r + 43, -44 = -3*r - 2*x. Let j be (-158)/r - 4/18. What is the remainder when k(j) is divided by 11?
8
Suppose 15654 = 432*i + 2262. Let y(p) = -p**2 - 4. Let l be y(-3). Let u = -3 - l. What is the remainder when i is divided by u?
1
Let m be ((-12)/15)/(2/(-10)). Let z = -377 + 373. What is the remainder when 2/m - 150/z is divided by 12?
2
Suppose -4*f - 48 = -4*t - 16, 2*f = -2*t. Suppose -13 = -5*j + t*r, -11 - 5 = -2*j - 2*r. What is the remainder when 14*10/(-40)*(-9 - -3) is divided by j?
1
Let q(j) = 7*j**2 - 60*j - 306. What is the remainder when q(-5) is divided by 27?
7
Let j(t) = -t**2 + 28*t - 119. What is the remainder when 2700 is divided by j(7)?
12
Let c be (-11)/(-1 - (-66)/60). Let p = c + 119. What is the remainder when 178 is divided by p?
7
Let h(y) = -6*y - 2. Let o(w) = w**3 - 3*w**2 - 14*w + 30. Suppose 742*z - 723*z - 95 = 0. What is the remainder when h(-3) is divided by o(z)?
6
Let c = 3021 + -2872. Calculate the remainder when c is divided by 75.
74
What is the remainder when (-1 - 7984/(-38)) + (-46)/437 is divided by 2?
1
Suppose 5*x - 18*d = -13*d + 225, -4*x - d + 160 = 0. Suppose -p - 398 = -6*p + j, -5*p + 3*j + 404 = 0. What is the remainder when 1 + 2/(2/p) is divided by x?
39
Suppose 187*h + 6 = 189*h. Suppose -8*r + 667 = -6*r - 3*c, -5*c - 1003 = -h*r. Calculate the remainder when r is divided by 47.
44
Let u(a) = a**2 - 15. Let c be u(5). Calculate the remainder when 6/15 + (-396)/(-10) is divided by -7 + c - (1 - 7).
4
Let v(x) = 39 - 4*x - 4*x - 2*x + 3*x. Let s be v(9). What is the remainder when 46 is divided by (s/36)/(2/(-2 - 70))?
22
Suppose -7*o = 300*o - 22512 - 29678. Calculate the remainder when 5947 is divided by o.
167
Suppose z = 2*z + 49. Let b = z + 100. Let n = -22857 + 22877. Calculate the remainder when b is divided by n.
11
Let h(n) = 3*n**2 + 32*n - 263. Let k(v) = 16*v - 2. What is the remainder when h(6) is divided by k(2)?
7
Let o = -6 + 2. Let x = 18 - o. Suppose 2*a + 13 - 5 = 0, 0 = -2*p + 3*a + 180. Calculate the remainder when p is divided by x.
18
Suppose 0 = -74342*c + 74347*c - 75. What is the remainder when 219 + 2 - (-1 + -2) is divided by c?
14
Let z = 227 - 233. Let d(t) = 6*t**2 + 30*t - 4. Calculate the remainder when 124 is divided by d(z).
28
Let z = 5088 + -4999. Let u be (-106*(1 + -2))/1. Let i = u - z. What is the remainder when i is divided by 10?
7
Let i = 2359 - 2223. Calculate the remainder when 4620 is divided by i.
132
Suppose 16*d - 1826 = 750. Suppose 12*o - 15*o = 3. Calculate the remainder when d is divided by -2*((-117)/6 + o).
38
Let o be -1 + 2 + -6*(-6)/(-36). Suppose -3*k - c + 3*c + 34 = 0, -4*c - 8 = o. What is the remainder when 47 is divided by k?
7
Suppose 4 = -4*x, 2*x - 41 - 3 = 2*z. Calculate the remainder when (z/69)/(3/(-1557)) is divided by 45.
38
Suppose 67*z = 84*z - 3893. Calculate the remainder when z is divided by 44.
9
Let p be (1144/65)/(-2 - 42/(-20)). Suppose -4*a + 12*a = p. Calculate the remainder when a is divided by 12.
10
Let b = -2672 + 3054. Calculate the remainder when b is divided by 128.
126
Let y = -202 - -206. Calculate the remainder when y + 88 + (-8 - -1) is divided by 23.
16
Suppose -15*l - 2*g = -11*l - 54, g = 5. Suppose 0 = 16*c - l*c - 290. What is the remainder when c is divided by 16?
10
Let f = -269 + 280. Suppose -13 = -f*t + 251. What is the remainder when 1/1 + (-1 - -95) is divided by t?
23
Suppose -u = z - 39, -2*u + 6*u + z - 147 = 0. Let o = 43 - u. Let s(b) = 15*b - 21. What is the remainder when s(o) is divided by 17?
16
Let p = -24789 - -25111. Calculate the remainder when 1291 is divided by p.
3
Let z = -358 + 355. Calculate the remainder when z + 1/((-4)/(-420)) is divided by 29.
15
Calculate the remainder when 366 is divided by ((-1059)/(-706))/((-9)/(-102)).
9
Let r be 1/3 - (88/12 - 7). Suppose 3*i - 10*i + 63 = r. Calculate the remainder when i is divided by 7.
2
Suppose -47 + 407 = 2*x. Let h = 270 - x. Calculate the remainder whe